 v be i(2). Let j be (v/(-6))/(5/(-15)). What is the units digit of 0 - (-2)/(-1) - j?
3
Let d = 7 - 4. Let r = -4 - -9. Let j = r - d. What is the units digit of j?
2
Suppose -1 - 49 = -5*a. Let d be (-15)/6*(-12)/a. Let j = 9 - d. What is the units digit of j?
6
Let u(g) = -g - 7. Let k be u(-7). Suppose k = -n - 3 + 4. What is the units digit of n?
1
Let m = 49 - 43. What is the units digit of m?
6
Suppose 5*n = 133 + 72. What is the tens digit of n?
4
Suppose 0 = t + j - 13, j + 7 + 20 = 4*t. Let s = -5 + t. What is the units digit of s?
3
Let t(j) = j + 16. Let v be t(-10). Let x(g) = -g**3 + v - 5 - g**3 - g**2. What is the units digit of x(-2)?
3
Let a(n) = 3*n - 7. Let j = 9 - 7. Suppose -j*m - 3 = -17. What is the tens digit of a(m)?
1
Suppose 5*q - 830 = -3*d, 0 = -5*d - 4*q + 1594 - 202. What is the units digit of d?
0
Let h be 5/(-2)*(5 + 1). Let o = h + 33. What is the units digit of o?
8
Let u = 42 + -17. Suppose 4*a - u = 3. What is the units digit of a?
7
Let c be (-645)/(-20) - 2/8. Let d be (-2 - c)*(-3)/2. Suppose d = 2*z + z. What is the tens digit of z?
1
Suppose -5*f - 2*l = -0*l - 15, 0 = 2*l - 10. What is the units digit of f?
1
Suppose 64 = -4*s - r + 392, -2*r - 154 = -2*s. What is the tens digit of s?
8
Let m be (44/((-2)/(-2)))/2. Let u = -2 + m. Suppose -2*c - 2*r + 42 = 2*c, 4*r - u = 0. What is the units digit of c?
8
Let r(q) = q**3 + q + 2. Let i be r(2). Suppose 0 = -4*t + 4 + i. What is the units digit of t?
4
What is the units digit of (1 + -18)/(6/(-12))?
4
Let y(a) = -a**3 + 9*a**2 - 2*a + 12. Let g be y(9). Let t = g + 14. What is the units digit of t?
8
Suppose 5*i - 3*g - 14 = -6*g, 4*g + 20 = 3*i. Suppose 3 = m, -3*m + 3 + i = -k. Let b = 6 - k. What is the units digit of b?
4
Let i(z) = -8*z. Let h = -6 - -4. Let y be i(h). Suppose 4*a - y = 16. What is the units digit of a?
8
Let z(s) = -4*s**2 - s - 1. Let v be z(-1). Let n = 10 + v. What is the units digit of n?
6
Let f = 8 + -5. Let q = f - 9. Let c = 4 - q. What is the tens digit of c?
1
Let g be (-1)/(3/(-9)) + -1. What is the units digit of (4/g - -9) + 1?
2
Suppose -j + 72 = -0*q + q, -360 = -5*j - q. What is the units digit of j?
2
Suppose -9 = -3*c + 12. Let r = -2 + c. What is the units digit of r?
5
What is the units digit of 1 - (-2 - 138)/4?
6
Let w = -37 - -94. What is the tens digit of w?
5
Let v(c) be the first derivative of c**3/3 - 7*c**2/2 - 11*c - 3. Let d be v(8). Let o = d + 8. What is the units digit of o?
5
Let h = 42 - 1. What is the units digit of h?
1
Let j be 126/33 + 2/11. Suppose -j*r = -0*r - 16. Suppose 2*m = 2*z + 3*z - 79, 3*z + r*m = 37. What is the tens digit of z?
1
Let i = 5 - 3. Suppose 5*j + 2*a - 40 = 0, i*a = -3*j - a + 33. Suppose 1 = -5*z + j*z. What is the units digit of z?
1
Let y be 35/25 - (-6)/10. Let s(g) = 32*g + 1. Let p be s(y). Suppose 5*l + 0*l = p. What is the units digit of l?
3
Let u(t) = -t**2 - t - 2. Let z be u(-2). What is the units digit of (-4)/6*6/z?
1
Let x = -14 - -28. What is the tens digit of x?
1
Let c = -35 - -70. What is the units digit of c?
5
Suppose 0 = -a - a. Suppose a = -0*u - 3*u. What is the units digit of -1 - (u - 2) - 0?
1
Suppose 4*k + 5*l = 75, 0*l = 3*k + 5*l - 50. Let u = 6 - -9. Let y = k - u. What is the tens digit of y?
1
Suppose -2*v + 135 = 47. What is the tens digit of v?
4
What is the tens digit of (-1 + -21)*45/(-30)?
3
Let l = -18 + 26. What is the units digit of l?
8
Let l(y) = -y**3 - 9*y**2 + 8*y + 4. Let w be l(-10). What is the tens digit of (-60)/w*2*-2?
1
Suppose -19 = -3*k + 5*u, -k - 5*u - 4 = 3. Suppose 0 = -k*o - 3. Let m = o + 7. What is the units digit of m?
6
Let p = -7 + 23. Suppose -2*o + p = 3*q, -3*o + 4*o = q + 3. What is the units digit of q?
2
Let t(j) = -j**3 - 10*j**2 + 10. Let m be t(-10). What is the units digit of m/35 - (-117)/7?
7
Suppose 0 = -4*k + 2*x - 16, k + 6 = x - 0*x. Let f be (-2)/(-6)*k*-6. Suppose 3*g + 4 = g, 2*v = -f*g - 4. What is the units digit of v?
2
Suppose 5*l = 4*v - 251, -2*v + 3*l = 5*l - 112. Suppose -3*d - 2*u = -v, 5*u - 8 = 5*d - 148. What is the units digit of d?
3
Suppose 16 = 4*d - t, 5 = -d - 2*t - 0*t. Let m(z) = z**3 + 8*z**2 + 3*z - 6. Let o be m(-7). Suppose 23 + o = d*f. What is the units digit of f?
5
Let j(o) = o**2 - 2*o - 5. Let i(d) = -d + 9. Let g be i(5). What is the units digit of j(g)?
3
Suppose 2*h + 5 = 7*h. Let k = 4 + h. What is the units digit of k?
5
Suppose -5*x - 28 + 8 = 0. What is the units digit of ((-34)/x)/(16/32)?
7
What is the units digit of 3*(-2 - (-84)/9)?
2
What is the units digit of 10/(-8) + (-1635)/(-12)?
5
Suppose 0*s + 4*s + d = 173, -2*s + d + 85 = 0. What is the units digit of s?
3
Let t(c) = c**3 - 4*c**2. Let z be t(4). Suppose -4 = a, z = 3*w + 4*a + 4. Suppose -2*k - 26 = -w*r, -2*r + 7 = 3*k + 2*k. What is the units digit of r?
6
Let a(v) = -22 + 3*v**2 + 22. What is the units digit of a(2)?
2
Let t = -7 - -10. Suppose 4 = -4*y + 3*c + 21, 2*c = -t*y. Suppose 0 = -2*z + 2*v + 18, -4 = y*v - 0*v. What is the units digit of z?
7
Suppose 3*t = -h + 112, -h - 2 = 3. Let z = t + -12. What is the units digit of z?
7
Let x(f) = f**3 - 8*f**2 + 9*f + 2. Suppose -7*l = 3*j - 2*l - 16, 0 = 3*j - 3*l - 24. What is the units digit of x(j)?
6
Let m = 125 - 92. What is the tens digit of m?
3
What is the units digit of (-718)/(-9) - (-4)/18?
0
Let s(d) be the third derivative of -d**4/24 + 3*d**3 + 3*d**2. What is the units digit of s(10)?
8
Suppose 50 = 2*n - 10. Suppose b + 3*b + n = -2*q, 0 = -2*q + 4*b - 38. Let y = -10 - q. What is the units digit of y?
7
Suppose -o + 3*z + 5 = 0, o - 4*z = 5*o - 20. Suppose 3*n - 35 = -5*b, -5*b + 0*n = -3*n - o. What is the units digit of b?
4
Suppose 5*o = 4*o - 10. What is the units digit of ((-1)/(-2) + -3)*o?
5
Let i be (30/(-4))/((-3)/6). Suppose 0 = -b - 4*b + i. Suppose -b*w + 3*r = -6, -4 = -2*w - r + 4*r. What is the units digit of w?
2
Let s = 354 + -187. What is the units digit of s?
7
Let t(y) = -y + 6. Suppose 0 = -j + 5*j + c + 28, -j - 4*c = -8. What is the units digit of t(j)?
4
What is the tens digit of (-213)/2*8/(-12)?
7
Let i(u) = -u + 11. Let d be i(-9). What is the units digit of ((-6)/(-5))/(6/d)?
4
Let t(l) = -l**3 + l**2 + 5. What is the units digit of t(0)?
5
Let q = -20 - -32. Let f be 3/2*6/(-9). What is the units digit of 1/(f - q/(-9))?
3
Let z = -1 - -1. Suppose o = -z*o + 8. Suppose 6 = 2*v + l - o, 2*l = 0. What is the units digit of v?
7
What is the tens digit of (-466)/(-14) - (-34)/(-119)?
3
Let r(g) = g - 3. Let n be r(6). Suppose i + 16 = -n*i. Let m = 4 - i. What is the units digit of m?
8
Let m = 22 + -3. Suppose -l = -3*d - 26, 3*l + m = d + 129. What is the tens digit of l?
3
What is the tens digit of -2 + 3 - -24 - -1?
2
Let p(k) = -k - 4. Let x(z) = z**3 + 7*z**2 + 3*z + 10. Let a be x(-7). What is the units digit of p(a)?
7
Suppose 4*b - 240 = -b. Suppose 2*o = -2*x + 32, -x - 26 = -5*o + b. What is the tens digit of o?
1
Let n = -4 + 4. Suppose -b + n*b + 11 = 0. What is the units digit of b?
1
Suppose -4*s - 4*m - 4 = 0, 0 = 3*s - s + 5*m + 11. Let b be (2 - s - 0)/(-2). Suppose -2*t + 2 = -b*t. What is the units digit of t?
1
Suppose 5*i + 16 = 1. Let c be (-8)/i + 6/(-9). What is the units digit of 16/c - (-1 + 1)?
8
Let h(r) = -3*r**2 - r + 5. Let v(a) = -3*a**2 - 2*a + 5. Let i(y) = -6*h(y) + 5*v(y). What is the units digit of i(-3)?
4
Let k = -6 + 13. What is the units digit of k?
7
Suppose 61 + 23 = 4*q + 4*a, -2*a = -4*q + 90. What is the tens digit of q?
2
Suppose 2*h + 0*q - 3*q - 192 = 0, -2 = q. What is the tens digit of h?
9
What is the tens digit of 144/(-15)*30/(-4)?
7
Suppose 5*v - c - 2 = 9, 0 = 2*c - 8. Suppose -5*f - v*z + 127 = -z, 2*z - 2 = 0. Let u = f - 8. What is the tens digit of u?
1
Suppose -4*r = a - 16, 2*r + a - 8 = -a. Let s be ((2 + 1)*-1)/1. Let f = s + r. What is the units digit of f?
1
Suppose -c + 4 = l, -l = -4*l + 4*c - 2. Suppose a + l = 5*k + 30, -k - 5 = 0. Suppose 3*n - 2*j - 2 = 2, -a*n = 4*j - 10. What is the units digit of n?
2
Let t be (-5)/(-10) + 14/4. Suppose -3*k + 6 = 0, 2 = 4*z + k - t. What is the units digit of z?
1
Suppose -3*t - 73 = -2*s, -t - 132 = -4*s + 19. What is the tens digit of s?
3
Suppose 0 = 6*j - j - 5. What is